) = -28*s**3 - 23*s**2 - 13*s - 153. What are the prime factors of g(-8)?
5, 11, 233
Let t = 4347 + 8574. List the prime factors of t.
3, 59, 73
Suppose 52*a - 71*a + 453513 = 190534. List the prime factors of a.
13841
Suppose 2*b - u = 13, -2 - 5 = b + 4*u. What are the prime factors of ((-746)/8)/(b/120*-6)?
373
Let i(g) = 386*g**2 + 47*g - 95. What are the prime factors of i(2)?
1543
Suppose -48*p + 75*p = 918. Suppose 5*s - 4 - 1 = 0. Suppose o = s + p. What are the prime factors of o?
5, 7
Let w be 9480/12 - 2/2. Suppose 4*d = 5*y + 3*d - 1961, 5*d + w = 2*y. What are the prime factors of y?
2, 7
Let z(t) be the first derivative of 177*t**2 - 42*t + 113. List the prime factors of z(3).
2, 3, 5, 17
Let q(g) be the second derivative of -g**3/6 + 65*g**2 - 14*g. What are the prime factors of q(-9)?
139
Let r(f) = f**3 - 32*f**2 - 115*f + 268. List the prime factors of r(41).
2, 7, 109
Let c = 239 - 245. List the prime factors of (3021/c)/(49/(-14) - -3).
19, 53
Suppose -360549 = -69*w + 34*w - 62*w. What are the prime factors of w?
3, 7, 59
Suppose -9*a + 12*a - 961 = h, a - 2*h - 317 = 0. What are the prime factors of (-17 + 23)/((-636)/a + 2)?
3, 107
Suppose -4*d + 4 = -4. Suppose -z - n + 3 = -1, 0 = 3*z + d*n - 11. Suppose -4*b - j - j + 24 = 0, 0 = -z*j. What are the prime factors of b?
2, 3
Let u be (10 - 68/8)*(-2)/3. List the prime factors of (u*1)/(10/(-13 + -14167)).
2, 709
Let x be ((-1)/2)/((-7)/2380). Let y be (2 + 0)*x/5. Suppose 3*z - y = z. List the prime factors of z.
2, 17
Let a(d) = 27*d + 3. Let o be a(-6). Let z = -66 - o. Suppose 4*x - 412 = -3*q, 0 = 4*q + 4*x - z - 459. What are the prime factors of q?
2, 5, 7
Let q be 13/(26/12) + 362. Suppose 2*n + 2*u = q, -u - 989 + 69 = -5*n. What are the prime factors of n?
2, 23
Suppose 4*t - 3 = -15. Let h(n) = -n**3 - n**2 - 8. Let i be h(t). What are the prime factors of (-220)/(-6) + i/(-15)?
2, 3
List the prime factors of 23 - 24 - (-16458)/2.
2, 11, 17
Let h(k) = -63*k + 63. Let g be h(7). Suppose -947 = n + 4*n - 2*c, -2*c = 2*n + 376. Let z = n - g. List the prime factors of z.
3, 7
Let p be (-195)/(-6)*(2 + 120). Suppose 23*w - 5626 = p. List the prime factors of w.
3, 139
Suppose 5*a - 23074 - 25294 = -2*z, -5*a - z + 48374 = 0. List the prime factors of a.
2, 41, 59
Let t(h) = 406*h - 706. List the prime factors of t(10).
2, 3, 13, 43
Let z = -10 + 4. Let y be (-427)/3 - 2/z. Let p = y - -202. What are the prime factors of p?
2, 3, 5
Let c be 2/5 - 46/(-10). Suppose 0*i + i = -4*z + 427, -2*i = -c*z + 550. List the prime factors of z.
2, 3
Let l(u) = -77*u - 29*u - 6 + 2 - 5*u. What are the prime factors of l(-2)?
2, 109
Let c = 360 + -363. Let g(j) = -4*j**3 + 19*j**2 - 2. Let b(x) = -x**3 + x**2 - 1. Let h(n) = -6*b(n) + g(n). List the prime factors of h(c).
67
What are the prime factors of -3 - 484*-47 - (4 + -17 + 10)?
2, 11, 47
Suppose -3097350 = -207*d + 57*d. What are the prime factors of d?
3, 6883
Let o(s) = 2*s**2 - 4*s - 13*s + 21 - 3*s**2. Let i be -3 - (-9 - -11 - -9). What are the prime factors of o(i)?
3, 7
Let k = 28010 + -10506. List the prime factors of k.
2, 547
Let z(u) = -3*u**3 + 15*u**2 - 2*u - 34. Let b(k) = -7*k**3 + 31*k**2 - 5*k - 70. Let j(c) = -2*b(c) + 5*z(c). List the prime factors of j(9).
2, 3, 7
Let x be 4/(1 - 18/24). Suppose -3*d + 50 = -8*d. Let r = x - d. What are the prime factors of r?
2, 13
List the prime factors of (-58857)/(-6) + 350/(-100).
2, 4903
Let c(r) = 2*r**3 - 16*r**2 + 2. Let f be c(8). Let x = -2 + f. Suppose -24*n + 27*n - 114 = x. List the prime factors of n.
2, 19
Suppose -72426 = -4*o - g, 5*o - 32*g - 90522 = -28*g. List the prime factors of o.
2, 11, 823
Let d be ((-21)/63)/(2/8412*-2). List the prime factors of d + 0/(-3) + 50/(-10).
2, 3, 29
Let o(z) = -z - 7. Let v be o(-11). Suppose -v*u = 4*a - 9*a - 1491, 5*u - 1871 = -a. What are the prime factors of u?
2, 11, 17
Let s = 22046 + -9832. List the prime factors of s.
2, 31, 197
Suppose -5*h + 20*h - 300 = 0. Suppose v = h*f - 22*f + 1216, 2*f + 2 = 0. List the prime factors of v.
2, 3, 7, 29
What are the prime factors of -2 + 7111 + 1 - (-8 + 0)?
2, 3559
Let l = 68 - 104. Let w = l - -144. List the prime factors of w.
2, 3
Let x(z) = -11*z**3 - 5*z**2 + 241*z - 67. Let i(u) = -7*u**3 - 3*u**2 + 160*u - 45. Let m(d) = 8*i(d) - 5*x(d). What are the prime factors of m(-12)?
947
Let p = -9 - -15. Suppose -3*m - p = 3*m. What are the prime factors of 3/2*m/((-6)/172)?
43
Let c(x) = -x - 27. Let u be c(-11). What are the prime factors of (-15064)/u - 3/2?
2, 5, 47
Let v(h) = -h**3 + 13*h**2 - 7*h - 59. Let x be v(12). List the prime factors of 6*(273/18 - x)*1.
5, 17
Let b(v) = 2*v**3 + 3*v**2 + 2*v - 4. Let u be b(1). Suppose -u*c - 5*m + 2484 = -2*m, -826 = -c + m. What are the prime factors of c?
827
Suppose 4*r + j - 293 - 367 = 0, -r - 3*j = -165. Let z(k) = -k**3 - 5*k**2 - 2*k + 1. Let s be z(-3). Let h = r - s. List the prime factors of h.
2, 11
Let a = 6330 - 1135. What are the prime factors of a?
5, 1039
Let k(j) be the third derivative of 0*j + 10*j**2 - 5/24*j**4 + 1/10*j**5 + 0 + 2/3*j**3. What are the prime factors of k(3)?
43
Let c = 297 - 99. Let m = 1294 - c. List the prime factors of m.
2, 137
Suppose 0 = 28*l - 40 - 156. Suppose l = 2*n - 53. List the prime factors of n.
2, 3, 5
Let f(c) = c**2 + c + 33. Let r be f(-14). Suppose -5*o - r = -4*z, -15 = -2*o - o. Let y = -33 + z. What are the prime factors of y?
3
Suppose -y - a = -795, -6*y + 2*y + 3164 = -4*a. Let q = y + -394. What are the prime factors of q?
3, 7, 19
Let m(k) = 369*k - 7380. What are the prime factors of m(29)?
3, 41
Suppose 33243 = 5*q + 3*b, -2*q + 54*b = 53*b - 13295. What are the prime factors of q?
2, 3, 277
What are the prime factors of 12/(-8)*(-110116)/15 + (-188)/(-470)?
2, 2753
Let k = 279 + -562. Suppose -22975 = -52*w - 82*w - 79121. Let a = k - w. What are the prime factors of a?
2, 17
Let j be (-1 - (-156 - 2)) + 28/7. Let u = j - -119. What are the prime factors of u?
2, 5, 7
Let n(r) = 1701*r + 4421. List the prime factors of n(26).
48647
Suppose 0 = -7*z - 4*z. Suppose z = -8*n + 4*n + 296. Suppose 0 = -4*a - 10 + n. What are the prime factors of a?
2
Let p = -184 - -184. List the prime factors of (2/(-2) - p) + 218.
7, 31
Suppose -38*r = 12*r + 61000. Let x = r + 2225. List the prime factors of x.
3, 5, 67
Let g = -189234 - -271624. What are the prime factors of g?
2, 5, 7, 11, 107
Let d = 322 + -140. Suppose 9*k - 11*k = -202. Let o = d - k. What are the prime factors of o?
3
Suppose 47884 = 145*a - 1405306. What are the prime factors of a?
2, 5011
Let p(k) = k**3 - 13*k**2 - 14*k + 16. Let a(w) = w + 21. Let h be a(-7). Let t be p(h). What are the prime factors of -1 + t/10 + 12608/320?
2, 5
Let k be 48/32 - (-71)/2. Let f = 69 - k. What are the prime factors of 1*2*720/f?
3, 5
Let g(c) = c**3 + 7*c**2 - 4*c. Let r be g(-8). Let o be (8/r)/((-1)/12). Suppose -o*s + 174 = -s. What are the prime factors of s?
3, 29
Let a = 9910 - 6322. List the prime factors of a.
2, 3, 13, 23
Suppose 0 = -4*h + 5*g + 41063, -4*g = -22*h + 24*h - 20564. List the prime factors of h.
2, 3, 107
Let k(d) = -d**2 + 10*d - 15. Let a be k(8). Let t = a + 35. What are the prime factors of (32/(-12))/((-8)/t)?
2, 3
Let m(y) = -y - 5. Let j be m(-9). Suppose -f + j*f = 3*c - 18, 0 = 3*c + 2*f - 23. Suppose -12*d + 995 = -c*d. What are the prime factors of d?
199
List the prime factors of ((-11641)/(-3))/((-1862)/(-18354)).
23, 1663
Suppose 0 = -4*c - 2*a + 37638, c + 15*a - 9417 = 16*a. What are the prime factors of c?
2, 13, 181
Let v be 31 + (5/(-3) - (-56)/84). List the prime factors of (-174 + v/6)*-2.
2, 13
Let z(g) = -6*g**3 - 98*g**2 - 46*g - 198. What are the prime factors of z(-23)?
2, 3, 5, 367
Let t(j) = -2*j - 6. Let m be t(-2). List the prime factors of 6/(-8)*2/m*876.
3, 73
Suppose -12495 = -6*o - 183. Suppose 241*x = 250*x - o. List the prime factors of x.
2, 3, 19
Suppose 5*s + 20 = 5, 50 = 5*a - 5*s. Suppose -10 = 3*b - a, f - 5*b - 77 = 0. List the prime factors of f.
2, 3
Let r = 17 + -12. Let v(o) = -r*o**2 - 5 - o**3 - 15*o - 10*o**2 - 6 - 1. List the prime factors of v(-14).
2
Let d(h) = 490*h**3 + 4*h**2 - 39*h + 75. List the prime factors of d(3).
2, 3,